9.
9
Suppose 52*d - 47*d = s - 87, 20 = 4*d. Calculate the remainder when s is divided by 1.
0
Suppose -62 = 8*k - 326. Suppose -2*c - 4*s + 10 = -170, -372 = -4*c - 2*s. What is the remainder when c is divided by k?
28
Calculate the remainder when 22 is divided by (-1)/((45/(-48))/15).
6
Let o(h) = -h**2 - 6*h + 3. Let d be o(-6). Let g be (2 - d/3)*3. Suppose -5*w + 3*t = -g*w - 36, 3*t - 36 = -2*w. What is the remainder when w is divided by 7?
4
Let w = -12 + 20. Suppose w*d + 80 = 4*d. Let j = d + 33. Calculate the remainder when j is divided by 7.
6
Let y = -5 + 15. Suppose 4*l - y = 30. Calculate the remainder when l is divided by 4.
2
What is the remainder when (-3*1)/(-1 + 105/110) is divided by 14?
10
Suppose -10*o + 438 - 18 = 0. What is the remainder when 585 is divided by o?
39
Suppose 0 = -v + 1 + 34. What is the remainder when 38 is divided by v?
3
Calculate the remainder when 81 is divided by (-820)/(-28) + 12/(-42).
23
Let q be -164 + (-2 + 0 - (-4 - 1)). Let c = -111 - q. Calculate the remainder when 198 is divided by c.
48
Let r(d) = 2*d**2 + d. Let n(i) = i + 1. Let f(k) = -2. Let u(c) = f(c) + 2*n(c). What is the remainder when r(-2) is divided by u(1)?
0
Let h = 958 + -368. What is the remainder when h is divided by 37?
35
Suppose -172*i + 22230 = 113*i. Suppose g - 13 - 4 = 0. What is the remainder when i is divided by g?
10
Calculate the remainder when (-1683)/(-9) - (-8 + 2) is divided by 65.
63
Let p = 880 + -815. Calculate the remainder when p is divided by -2*1*33/(-2).
32
Let f(j) = -2*j - 17. Let k be f(-19). Suppose -2*o = -5*x - 0*o + 35, -3*x = -4*o - k. Calculate the remainder when 34 is divided by x.
6
Calculate the remainder when (-5866)/(-77) + 0 + 4/(-22) is divided by 39.
37
Let y(w) be the second derivative of w**5/20 + w**4/2 - 3*w**3/2 - 13*w**2/2 + 21*w. What is the remainder when y(-6) is divided by 7?
6
Suppose -49*q = -29*q - 140. What is the remainder when 412 is divided by q?
6
Let x(j) = j**3 - 6*j**2 + 2*j + 15. Suppose u - 11 = 2*v, -2*u - 3*v = v - 6. What is the remainder when x(u) is divided by 20?
18
Let p(m) = 2*m**3 + 11*m**2 - 2*m - 7. Suppose -22*o + 20*o - 10 = 0. Calculate the remainder when p(o) is divided by 3.
1
Let l(q) = -q**3 - 5*q**2 - 6*q + 1. Let m be l(-5). Let g = m - 17. Calculate the remainder when (74 + 0)*7/g is divided by 10.
7
Suppose 3*b - 9 = -0*b. Let y(t) = 10*t + 4*t + b*t + 1 - 3*t. What is the remainder when 57 is divided by y(1)?
12
Let k(x) = -x**3 - x**2 + 3*x. Suppose 0 = 4*i, 4*n + 0*i - 536 = 2*i. What is the remainder when n is divided by k(-3)?
8
Suppose 37*s - 7243 = -509. Calculate the remainder when s is divided by 5.
2
Suppose -2*o = 2*q + 156, 0 = -5*q - 2*o - 2*o - 391. Let n = -43 - q. What is the remainder when n is divided by 13?
10
Let j(k) = -k**3 + k + 4. Let y be j(0). Let m = y - -5. What is the remainder when 25 is divided by m?
7
What is the remainder when 1/(-6) + (-3940)/(-24) is divided by 44?
32
Suppose -21*y + 754 = 502. What is the remainder when (-4)/2*(-118)/4 is divided by y?
11
Suppose 0 = -2*k + 168 - 0. Let i = k + 59. Suppose 0 = -4*f + i + 17. Calculate the remainder when f is divided by 14.
12
Let f(c) = -c**2 - 4*c + 12. Let p(m) = -1. Let g(s) = -f(s) - 6*p(s). Let u be g(-6). Suppose z = u + 98. What is the remainder when z is divided by 35?
34
Let g = -569 + 1421. What is the remainder when g is divided by 95?
92
Let q be 1016/(-12) - 14/(-21). Calculate the remainder when ((-77)/140 + 2/(-10))*q is divided by 23.
17
Suppose 56 - 338 = -6*x. Suppose 0 = 4*l - x + 3. What is the remainder when 39 is divided by l?
6
Let b(m) = -7*m - 358. What is the remainder when b(-55) is divided by 8?
3
Suppose -4*x - x = 4*m + 56, -3*m + 5*x = 42. What is the remainder when 231/m*-4 + 1*-3 is divided by 16?
15
Let r = 112 + 105. Calculate the remainder when r is divided by 56.
49
Suppose -866 - 506 = -28*u. What is the remainder when 183 is divided by u?
36
Suppose -5*w + 2*r = 3, 5*r + 8 - 28 = 0. Suppose -w = -u + 2*o, 3*o + 12 = 3*u - 0*o. What is the remainder when 21 is divided by u?
0
Suppose 0 = o + 3*d + 206 - 223, -o + 15 = d. Let i(l) = l**3 - 5*l**2 + 4*l - 7. Calculate the remainder when i(6) is divided by o.
11
Let u = 1520 + -1498. Calculate the remainder when 58 is divided by u.
14
Let a(z) = z**2 - 2*z - 9. Let t be a(6). Let s be 2/t + (-1737)/(-135). Let x(g) = g**2 - 13*g + 13. What is the remainder when 36 is divided by x(s)?
10
Let h(b) = b**2 + 18*b + 17. Let n be h(-20). Suppose -2*q = -117 + n. Calculate the remainder when q is divided by 11.
8
Let x(f) = f**3 - 2*f**2 + f - 4. Let a(u) = -u**3 + 4*u**2 - 3*u + 1. Let t be a(2). What is the remainder when 25/2 + (-6)/(-84)*7 is divided by x(t)?
5
Let m = 182 + -92. Let n = -32 + m. Suppose 876 + 579 = 97*l. Calculate the remainder when n is divided by l.
13
Let r = 168 + -165. Calculate the remainder when (-1)/(1/(-1))*7 is divided by r.
1
Let g(d) = d + 21. Let w(i) = 9*i**2 + 9*i - 12. Let o be w(4). Let v = o - 157. Calculate the remainder when g(0) is divided by v.
10
Suppose 4*c + 175 + 41 = 0. Let g be (-11166)/c - 4/(-18). What is the remainder when ((-4)/6)/((-3)/g) is divided by 16?
14
Let d(j) = 11*j + 47. Let f(i) = -4*i - 16. Let a(k) = 3*d(k) + 8*f(k). Let n be a(-14). What is the remainder when 0 + (1 - n) + 66 is divided by 23?
22
What is the remainder when 210 is divided by 4/14 + (-13090)/(-490)?
21
Suppose 17*c - 7585 - 847 = 0. What is the remainder when c is divided by 126?
118
Let d = -2560 + 2587. Calculate the remainder when 753 is divided by d.
24
Suppose -7*m - 5 + 26 = 0. Suppose 18 = h - m*l + 1, -4*h - 5*l + 102 = 0. Let f = 15 + -3. Calculate the remainder when h is divided by f.
11
Suppose 40*x = 9025 + 4815. Calculate the remainder when x is divided by 8.
2
Let a(f) = -f**3 + 3*f**2 + 31. Suppose 4*t + 7 - 47 = 0. What is the remainder when a(4) is divided by t?
5
Suppose -496 = -4*l - 2*p - 166, 0 = -4*p - 12. Suppose -a = -4*a + l. Calculate the remainder when 111 is divided by a.
27
Let m = -12983 + 12989. Suppose -4 = 6*x - 2*x. Calculate the remainder when m is divided by (1/x)/(2/(-4)).
0
Let c(b) = -b**2 + b. Let t be c(0). Suppose t*d - 5*m + 46 = d, -8 = 4*m. Calculate the remainder when d is divided by (-2)/(8/6)*-10.
11
Suppose 2*g - 56 = -2*g. Suppose v + 4*a - 23 = -8, -5*a + 10 = 0. What is the remainder when g is divided by v?
0
Let t(k) be the second derivative of k**5/20 + k**4/2 - 5*k**3/3 - 3*k**2/2 - k. What is the remainder when 10/45 + (1452/27 - 1) is divided by t(-7)?
17
Let z = 2 + 12. Let b = -13 + z. Calculate the remainder when 1 is divided by b.
0
Let x be (-4 - -5)*0/2. Suppose x*j - 6*j = -330. Calculate the remainder when j is divided by 19.
17
Let x(f) = 2*f**2 + 18*f - 2. Let n be (0 + 4)*(-1)/(-4). Let k be n - (3 + 1 - -7). Calculate the remainder when 33 is divided by x(k).
15
Suppose 0 = p - 5*w - 66, 7 = 3*w - 2. Let t = p - 55. What is the remainder when 49 is divided by t?
23
Let n(s) = -s**2 + 12*s - 2. Let h be n(6). Suppose -3*x = -5*x + h. Let b = 255 - 190. Calculate the remainder when b is divided by x.
14
Suppose -2*r = 2*r - i + 27, -5*i = -3*r - 33. Calculate the remainder when ((-45)/r)/(9/96) is divided by 27.
26
What is the remainder when 1*3 - (-112 - -11) is divided by 22?
16
Let c(i) = -2*i**3 + 30*i**2 - i + 26. Calculate the remainder when 20 is divided by c(15).
9
Let n = 66 + 47. Suppose 0 = j - 1 - 28. Calculate the remainder when n is divided by j.
26
Let j = -1576 + 1581. Calculate the remainder when 21 is divided by j.
1
Let v be 17/(-3) + 2/3. Let s(i) = 7 - 3*i + 8*i**2 - 9*i**2 - 9*i + 6*i. What is the remainder when 35 is divided by s(v)?
11
Suppose 3*s + 27 = 4*s. Let h = -22 - -25. Suppose 3*q + f + h*f - 38 = 0, -3*f = -4*q + 34. Calculate the remainder when s is divided by q.
7
Let x = 125 - 86. What is the remainder when 36 is divided by x/(-6)*(-4)/2?
10
Let v = -1468 - -1564. What is the remainder when v is divided by 59?
37
Suppose 13 = 7*o - 15. Suppose 2*q + 8 = o*n, -4*n = 5*q - q - 8. Suppose x = n + 10. What is the remainder when x is divided by 5?
2
Suppose 2*h = -3 + 7. Suppose h*w = 4*w - 16. What is the remainder when 47 is divided by w?
7
